= -3*p**2 + 3*p**2 + 7 - a*p**3 + p**2 - 2*p - 6. What is d(1)?
-2
Let c(x) = 4*x + 2 + 4 - 7 - 2*x. Let u(i) = -i**2 + 6*i + 4. Let o be u(3). Let z = o + -9. Determine c(z).
7
Let d be (-1)/(-4) + (-45)/(-12). Suppose 0 = d*v + 4*c + 8, 5*v + 6 = -c - 3*c. Suppose -v*o = -o. Let u(y) = -y - 4. Calculate u(o).
-4
Let j(k) = -k - 1. Let x be j(-6). Suppose 0*d - x*d - 15 = 0. Let b(f) be the third derivative of f**4/12 + f**2. Give b(d).
-6
Suppose 4*v - 10 - 16 = 2*b, -3*v = -5*b - 23. Let k(x) = -4*x**3 - 5*x**2 - 11*x. Let u(r) = 5*r**3 + 5*r**2 + 12*r. Let s(p) = 6*k(p) + 5*u(p). Give s(v).
0
Let d(g) be the second derivative of -g**4/12 - 5*g**3/6 + g**2 + g. Suppose -3*z + 4 + 2 = 0. Suppose 0 = z*m, 3*m + 12 = -5*v - 13. Calculate d(v).
2
Let u(q) = q - 15. Let x = 0 + 9. Determine u(x).
-6
Suppose 3*c = -3*n + 18, 0 + 5 = 5*n. Suppose 2*u - 12 = -6. Let h(z) = 3*z**2 - 6*z + 4*z - 5*z - 7*z**2 + 6 + z**u. Give h(c).
-4
Let t be 2 + 3*(-3)/3. Let x = t - -3. Let o(g) be the third derivative of -g**6/120 + g**5/30 + g**4/12 - g**3/2 - 2*g**2. Determine o(x).
1
Let f(p) = 3*p + p**2 + 0*p**2 + 0*p. Let b be 3/(-2)*(-96)/(-36). What is f(b)?
4
Let l be (-213)/18 + 2/(-12). Let y = l - -8. Let b(d) = -d - 2. What is b(y)?
2
Let k(d) = 3*d + 7. Let s(v) = -2*v - 6. Let u(h) = 3*k(h) + 4*s(h). Determine u(6).
3
Let v(t) = -t**2 + 6*t - 9. Let f be v(5). Let m(i) = 2*i + 1. Calculate m(f).
-7
Let n(y) = 0 + y**2 + y**3 - 2 + 5. Let s be n(0). Let v(x) = -x + 1. Let i(c) = -c**2 + 11*c - 9. Let w(h) = -i(h) - 5*v(h). Calculate w(s).
-5
Let a = 1 - -2. Let i(n) = -n**3 - 4*n**2 - 6*n - 2*n**2 + a*n - 2*n - 6. Calculate i(-5).
-6
Let l be 9/(-24)*-2*4. Let k(b) = -l - 2 - b + 1. What is k(-3)?
-1
Let q(b) = b**2 + 2*b - 5. Let j be q(-4). Let f be -1 - 3 - 0/j. Let k(d) be the second derivative of -d**5/20 - d**4/3 + 3*d**2/2 + 11*d. What is k(f)?
3
Let o(c) = 10*c + 11. Let i(b) = -29*b - 32. Let v(h) = -6*i(h) - 17*o(h). What is v(-5)?
-15
Let n(z) be the third derivative of z**6/120 - 7*z**5/60 + z**4/3 + z**3/6 - 10*z**2. Calculate n(6).
13
Let n = 3 - 3. Let f be 3 - 0*(n - 1). Let r(y) be the second derivative of -y**3/6 + 3*y**2/2 - y. Calculate r(f).
0
Let f be (2 + -4 - -6) + -2. Suppose -4*k + 3*m + m = -12, 0 = f*k - m - 5. Let r(v) = -k + 11*v - 14*v - 1. Give r(-3).
6
Suppose -4*x + 5*b = 2 + 9, -2*b - 2 = 0. Let v(w) = 5 - 5 - 5*w**2 + 2*w - 2*w**3. Let k(h) = h**3 + h**2 - h. Let r(o) = k(o) + v(o). Determine r(x).
-4
Let x = -44 - -49. Let s(z) = -z + 7. Give s(x).
2
Let l be 1/(-6) + 6/9. Let c(g) be the second derivative of -l*g**3 - 5/12*g**4 - 1/20*g**5 + 0*g**2 + 2*g + 0. Determine c(-4).
-4
Suppose -5*g - 2 = -3*g. Suppose 0 = 3*y - 10 + 1. Let t(p) = p + 0*p**2 + 2*p**2 + 7*p**y - 2*p**3. What is t(g)?
-4
Let m = 9 + -4. Let c be (12/8)/((-2)/4). Let x(n) = -9*n + 6. Let y(j) = 5*j - 3. Let k(d) = c*x(d) - 5*y(d). Give k(m).
7
Suppose 0*t = -4*t + 100. Suppose -2*a = 3*a - t. Suppose q + 4*i + 2 - 1 = 0, -a = 5*i. Let o(k) = -k**3 + 2*k**2 + 4*k - 2. Determine o(q).
1
Suppose 2*h + 0 - 2 = 0. Let r(s) = 6*s. Calculate r(h).
6
Let n(j) be the second derivative of -j**7/840 + j**6/360 - j**5/120 + 5*j**4/24 - 2*j**3/3 - 4*j. Let a(d) be the second derivative of n(d). What is a(0)?
5
Let r = 1 - 0. Let f(s) be the second derivative of 0 + s - 1/6*s**3 + 1/3*s**4 + 1/2*s**2. Calculate f(r).
4
Let j(p) = p**2 - 6*p - 19. Let i be j(8). Let g(k) = -3*k + 2. Determine g(i).
11
Let x(o) = -o**2 - 4*o - 2. Let b be 2/8 - (-17)/(-4). Let p be x(b). Let t(k) = k + 7. Let i(j) = 1. Let l(z) = -6*i(z) + t(z). Calculate l(p).
-1
Let p(k) = -k**2 + k + 1. Suppose -3*u = -5*l - 6, 0*u - 2 = -u + 4*l. Calculate p(u).
-1
Let r be (-56)/6*(-5)/160. Let k(l) be the third derivative of 1/60*l**5 + l**3 + 0 + r*l**4 - 2*l**2 + 0*l. Calculate k(-4).
-6
Let i(q) = -1. Let s(u) = -u**2 - 4*u + 2. Let b(f) = 2*i(f) + s(f). Let a be 3/(-1 + -3 + 3). Give b(a).
3
Let h(q) = 4*q - 3. Let r(w) = -17*w + 13. Let v(y) = 9*h(y) + 2*r(y). Give v(1).
1
Let b = 5 - 3. Let c(q) = -2 - q**b + 1 - 6*q + 0*q**2. Suppose -3*m - 3 = 4*p - 0*p, -35 = 4*m - 5*p. Give c(m).
4
Let y(z) = z**2 - 5*z + 3. Let d be y(5). Let j(w) = -2*w - 2*w + d*w - 1. What is j(-2)?
1
Suppose c = 4 - 1. Let u(w) be the first derivative of -w**4/4 + w**3 + w**2/2 - 3*w - 37. What is u(c)?
0
Let o(i) = -i**3 + 8*i**2 + 8*i + 3. Suppose 25 = 6*d - 29. Determine o(d).
-6
Let d(t) = 11*t**3 - 2*t**2 + t. Let z = 84 + -83. What is d(z)?
10
Let f(t) = -t + 7. Let q(j) = -j - 1. Let r be q(-5). Suppose 3*w = -3*o + 6 + 9, w - 14 = -r*o. What is f(o)?
4
Let m(f) be the first derivative of f**2 - 2*f + 19. Determine m(2).
2
Let u(c) = -175*c - c**2 + 180*c + 5 + 1 - 2. Give u(6).
-2
Let y be (-55)/(-10) - (-1)/(-2). Suppose y = -8*x + 9*x. Let h(f) = f**3 - 5*f**2 + 2*f - 1. Determine h(x).
9
Let h(z) = z**3 + z + 8. Let k(v) = v**3 - 7*v**2 - 8*v. Let p be k(8). Let i be h(p). Let q(w) = w**3 - 7*w**2 - 7*w - 4. Determine q(i).
4
Let b = 0 + -4. Let f(m) = -3*m - 1. Give f(b).
11
Let p = 22 - 17. Let n(h) = -h + 7. Calculate n(p).
2
Let y(d) = d**3 + 7*d**2 - 8*d - 2. Suppose 24*l - 26*l = 16. Give y(l).
-2
Let o(i) = i - 4. Suppose 3*p - 8*p + 25 = 0. Let c be o(p). Let v(l) be the second derivative of -3*l**4/4 + l. Determine v(c).
-9
Let j(a) = -5*a - 2. Let x(c) = -6*c - 2. Let u(m) = 7*j(m) - 6*x(m). Let h be (-7)/(-28)*20 + 1*-1. Determine u(h).
2
Let f(z) be the first derivative of -z**4/12 - 9*z**2/2 - 6*z - 1. Let i(w) be the first derivative of f(w). Determine i(0).
-9
Let r(t) = -t - 9. Let j be r(-4). Let x(c) = -c**3 - 6*c**2 - 6*c. Calculate x(j).
5
Let x(r) = -8 - 5*r - r**2 + 10 + 0*r**2. What is x(-3)?
8
Let i = 0 - -1. Let a(w) = -4 + i + w**2 + 2. Let s(p) = 2*p - 50. Let u be s(25). Calculate a(u).
-1
Let s(g) = -g**3 - 2*g**2 - 4*g - 3. Let r be 6/12 - 14/4. What is s(r)?
18
Let l = -15 + 17. Let b(o) = -2*o**3 + 1. Determine b(l).
-15
Let y(j) = -2*j. Let f(c) = c**2 - 5*c + 7. Let k be f(3). Let g(h) = -2*h. Let t be g(k). What is y(t)?
4
Let t(z) = 2*z - 3. Suppose -5*u = 5*s - 15, -4*u = 3*s - 4 - 7. What is t(u)?
1
Let j be 1*2*(11 + -13). Let o(z) = 2*z + 6. Calculate o(j).
-2
Let p(i) = -5*i**3 + i**2 - 2*i + 1. Suppose 2*v + 7 - 23 = 0. Suppose -2*c - v = 0, -4*d + 8 = -2*c - 4. Give p(d).
-5
Let h(z) = -z - 6*z + z**2 + 0*z + 0*z**2 + 1. Let k(a) = -a**3 + 7*a**2 - 6*a + 7. Let v be k(6). Suppose 0 = 4*n - 13 - v. Give h(n).
-9
Let g(l) = -2*l + l**2 + l + 0*l**2. Let d(a) = a**2 + a + 6. Let z be d(0). Let t(p) = p**3 + 10*p**2 - p + 4. Let n(w) = z*g(w) - t(w). Determine n(-3).
2
Let y(m) = -m**2 - m + 8. Let w = -10 + 10. Suppose w = -13*p + 8*p. What is y(p)?
8
Let t(c) = -c**2 + c + 5. Suppose 0 = -5*v - 2*b + 4*b + 4, 2*v - 8 = 4*b. Calculate t(v).
5
Let m(r) = 6*r**3 - 8*r**2 - 9*r + 10. Let v(k) = 7*k**3 - 8*k**2 - 9*k + 11. Let g(d) = 6*m(d) - 5*v(d). Determine g(9).
5
Let i(f) be the second derivative of f**3/6 + f**2/2 - f. Let c be i(3). Let x(j) = -c + j + 0*j - 1. What is x(5)?
0
Let m(x) = -x**3 + 7*x**2 + x + 2. Let a(c) = -c**2 + c - 1. Let b be 4/14 - 161/49. Let w(o) = b*a(o) - m(o). Calculate w(5).
6
Let a = 82 + -84. Let u(t) = t**3 + 2*t**2 - 2. Calculate u(a).
-2
Let k(y) = 3*y**2 - y + 2. Let x be k(1). Let b = -6 + 9. Let a(d) = b*d - d + 1 - 5. Calculate a(x).
4
Let p(m) be the second derivative of m**5/20 - m**4/4 - 5*m**3/6 + m**2 - 7*m. Give p(4).
-2
Let u(w) = w**3 - 4*w**2 + w - 2. Let a = 10 - 6. Let f be u(a). Let z(l) = 0*l - 13*l**3 - 2*l + 12*l**3 - f + 5*l**2. Determine z(4).
6
Suppose -2*c + 3*c - 4*z - 17 = 0, 2*z + 31 = 3*c. Let g(d) = -d + 9. Let q be g(c). Let j(n) = n + 9. Give j(q).
9
Let m = 7 + -10. Let f = m - -5. Let i = f + -5. Let j(b) = -b**2 - 2. Give j(i).
-11
Let n(y) = 5*y**3 + y. Suppose -6*g - 2*v = -2*g - 16, 5*v - 22 = -g. Let z = -1 + g. What is n(z)?
6
Let p = -1 + 2. Let x = 10 - p. Let a(l) = -l**2 + 9*l + 4. Let h be a(x). Let m(r) = -r + 7. Determine m(h).
3
Let k(t) = 2*t - 1. Let q(d) = 6 - 5 - 4 + d + 2. Let f(u) = 2*k(u) - 5*q(u). What is f(6)?
-3
Let c(t) be the third derivative of 3*t**6/40 + t**5/60 - t**3/6 - 19*t**2. Give c(1).
9
Suppose 25 = -y + 6*y. Let s(u) be the second derivative of